digit of i(-21)?
4
Suppose 0*c - c = 5*w - 33, 0 = 3*c - 4*w - 4. Let p be ((-12)/c)/(2/(-4)). Suppose 0 = -2*s + 2*m + 90, p*s + 3*m = 7*s - 179. What is the units digit of s?
4
Suppose -6446 - 6150 = -67*d. What is the tens digit of d?
8
Let h(q) = -2*q**3 - 2*q - 2. Suppose 0*y - 4*f = 2*y - 26, 3*y + 4*f = 39. Suppose -5*z - y = -3. What is the tens digit of h(z)?
1
Let f = 1281 + 1095. What is the units digit of f?
6
Let u(i) = -i - 18. Let v be u(-9). What is the tens digit of (-3)/((-7)/((-2373)/v))?
1
What is the tens digit of (-3)/(-21) - 2546/(-14)?
8
Let g(v) = v**2 - 10*v. Suppose -2*k = -r - 15 - 6, -5*r - 21 = -3*k. Let u be g(k). Let w = 59 - u. What is the tens digit of w?
3
Let f be 0/((-1)/((-1)/1)). Let n(q) = q**3 - q**2 + q + 115. What is the units digit of n(f)?
5
Let u(d) be the first derivative of 11*d**2/2 - 42*d - 9. What is the units digit of u(12)?
0
Let w(b) = 9*b**2 + 4*b - 19*b**2 + 6*b - 5 - b**3. Let f be w(-11). Suppose -5*a = -f*a + 3. What is the units digit of a?
3
Let u = -19 + 11. Let l = u + 3. Let h = l + 9. What is the units digit of h?
4
Let v(h) = 2*h + 10. Let o be v(3). Suppose 6*r - 2*r + o = 4*y, 2 = -2*r - 4*y. Let g = 10 - r. What is the tens digit of g?
1
Let r = -136 + 80. Let w = r - -122. What is the units digit of w?
6
Let i be -48*(-8)/(-12)*-1. Suppose -i*l + 34*l - 160 = 0. What is the tens digit of l?
8
What is the hundreds digit of (844/4)/(2/4)?
4
Let p(c) = -9*c**2 + 6*c - 31. Let k(u) = -5*u**2 + 3*u - 16. Let z(a) = 7*k(a) - 4*p(a). What is the tens digit of z(-6)?
6
Let c be (-147)/(-1*(-1)/(-3)). What is the units digit of (-2)/4 - c/(-6)?
3
What is the tens digit of (3 + -4)*111/(-3)?
3
Let t = 106 - -411. What is the tens digit of t?
1
Let g(h) = -4*h + 4. Let w be g(-4). Suppose 14 = -3*b + 2*b. What is the units digit of (w/b)/((-8)/280)?
0
Suppose 32*f - 11102 = 2338. What is the units digit of f?
0
Let y(k) = k**3 + 12*k**2 - 26*k + 33. Let s be y(-14). Suppose -s*c + 378 = c. What is the tens digit of c?
6
Let z = -9 + 27. Let l(d) = -d - d**3 + z + 4*d**2 - d**2 - 16*d**2. What is the units digit of l(-13)?
1
Suppose 14*x + 31*x - 72675 = 0. What is the thousands digit of x?
1
Let q be 0 + -2 - 52 - -4. Let l = -18 - q. What is the tens digit of l?
3
Let c(o) = o**3 - 9*o**2 + 2*o - 12. Let j be c(9). What is the units digit of 41 + (-3)/6*j?
8
Suppose -13 = -3*b + 4*c, -c + 4 = b - 2*c. Let s(i) = i**2 + 2*i + 4. What is the tens digit of s(b)?
1
Suppose 3*m + 22 - 112 = 0. Suppose 0*a + m = -5*a. What is the tens digit of 270/14 + a/21?
1
Let x = 33 - 27. What is the units digit of (-1 + x/9)*-75?
5
What is the tens digit of (-141)/(-2)*44/33?
9
Suppose 8*o - 4*o = -4*i + 3184, -7*i + o = -5564. What is the units digit of i?
5
Let i be -4*((4 - 2) + -3). Suppose 5*r - 12 = -i*t + 2, 2*r = 3*t + 24. Let a = r - -58. What is the tens digit of a?
6
Suppose 7590 = 3*x - 4*y, 3*y + 10113 = -5*x + 9*x. What is the hundreds digit of x?
5
Let a = 142 + -128. Let t(c) = c**2 - 4*c - 56. What is the tens digit of t(a)?
8
Suppose -5*l - 206 = -841. What is the units digit of l?
7
Suppose 11*b = 37*b - 3510. What is the hundreds digit of b?
1
Let a(t) = 3 + 15 + t**3 - 16*t**2 - 3*t + 0. Let h be a(16). Let g = -11 - h. What is the units digit of g?
9
Let o(d) = -8*d - 4. Let t be o(-2). Let b(v) = v**2 - 4*v + 6. What is the tens digit of b(t)?
0
Let r(l) = -27*l - 10. What is the units digit of r(-1)?
7
Let a(o) = 1. Let b(h) = 13*h + 4. Let t(d) = 2*a(d) - 2*b(d). What is the tens digit of t(-13)?
3
Suppose 0 = u - 6*u + 10. Suppose -4*p = u*t - 312 + 68, 2*t = 0. What is the units digit of p?
1
Let t(l) be the third derivative of -l**5/60 + 7*l**4/12 - 5*l**3/3 - 8*l**2. Let d be t(13). Suppose d = 2*y - 97. What is the units digit of y?
0
What is the units digit of 2*((-2)/1)/((-38)/4579)?
2
Let j(x) = -5*x - 15. Let q be j(-4). Suppose 0*c - 2*c - 168 = -y, -q*c = 2*y + 438. Let n = c + 132. What is the tens digit of n?
4
Let g(c) = -c**3 - 13*c**2 + 16*c + 33. Let m be g(-14). Suppose -382 = -3*v - m*r, -51 = -4*v + 3*r + 439. What is the tens digit of v?
2
Let a = -215 - -142. Let r = -2 - a. What is the tens digit of r?
7
Suppose 8*b = 10 - 2. What is the units digit of (b - (0 + (-316)/6))*3?
1
Suppose 0 = -3*y - 21 + 6, 2*y + 2 = -4*q. Let l(r) = r + 13 - 2*r**q - 2*r + 3*r**2. What is the units digit of l(0)?
3
Suppose 2*h - 5*h - 5*g = -58, 0 = 2*h + 5*g - 32. What is the units digit of h?
6
Let f = -299 - -319. What is the tens digit of f?
2
Suppose c = t - 31, -3*t + 4*t + 3*c - 47 = 0. Suppose -5*s + 2*s - 5*p = -145, 0 = -s + p + t. Suppose -s - 50 = -5*i. What is the units digit of i?
8
Suppose -2*f = -3*f + 24. Let a be (-6)/f + 807/12. Suppose -14 = -3*t + a. What is the tens digit of t?
2
Let b(k) = -4*k + 44. Suppose -4*m - 11 = 33. What is the tens digit of b(m)?
8
Let w = 534 + 2120. What is the tens digit of w?
5
Suppose 5*q - 4*q = 3*w + 107, 309 = 3*q - 5*w. What is the tens digit of q?
9
What is the units digit of (-101439)/(-408) - (-6)/16?
9
Suppose 0 = -3*f - 2*k - 14, -34 = 5*f - 6*k + 4*k. Let z(t) = -t**3 - 6*t**2 - 5*t - 1. What is the units digit of z(f)?
9
Let n(s) = -s**3 - 10*s**2. Let o = -1 + -9. Let v be n(o). Suppose 3*c - 2*q = -v*c + 20, 0 = c - q - 5. What is the tens digit of c?
1
Suppose -50 = 2*o + 3*o. Let v(x) = -58*x - x**3 + 35*x + 30*x - 9*x**2. What is the tens digit of v(o)?
3
Suppose -2*o - o = -51. Let l = -14 + o. What is the tens digit of 42/(-8)*(-12)/l?
2
Let u(l) = 2*l**2 + 3*l + 6. Let o(v) = v**2 + 2*v + 4. Let c be o(-2). Let x be u(c). Let n = x + -21. What is the tens digit of n?
2
What is the tens digit of 2*5/((-40)/(-4168))?
4
Let a(j) = -3*j**3 - 36*j**2 - 74*j + 13. What is the units digit of a(-14)?
5
Let y be 2/(-2) - ((1 - 2) + -36). Let j = y + -3. What is the units digit of j?
3
Let o = 7116 - 4080. What is the units digit of o?
6
Suppose 5*r - 26 = -2*c + 724, -c + 361 = -r. What is the hundreds digit of c?
3
Suppose 5*p - 7824 = p - 5*n, p = -5*n + 1941. What is the units digit of p?
1
Suppose -36*d = -22*d - 6860. What is the tens digit of d?
9
Let p = 124 - 108. Let u(v) = 19*v - 47. What is the tens digit of u(p)?
5
Suppose 0*q = -4*q + 12. Suppose 0 = q*h - 43 - 62. What is the tens digit of h?
3
Suppose 0*f - 4*f + 4 = 0. What is the tens digit of 37 - 12/(f - -2)?
3
Let a(d) be the first derivative of -d**4/4 - 5*d**3/3 + 5*d**2/2 - 2*d + 7. Let g be a(-6). What is the tens digit of 1*(2 - (-24 + g))?
2
Suppose 286*p + 2244 = 298*p. What is the tens digit of p?
8
Let t be (195/(-9))/(-5) - (-4)/6. What is the tens digit of (122 - -1) + t + -4?
2
Suppose 4*w - 2*l = 3056, 0 = 5*w + 3*l - 288 - 3554. What is the hundreds digit of w?
7
Suppose -4*f - 1318 = -2*p, -5*p + 0*p = -5*f - 3270. What is the tens digit of p?
4
Suppose 2*j - 966 = -2*u, 4*j + 2*u - 1706 = 226. What is the tens digit of j?
8
What is the units digit of 5 + (-7)/1 + (-4 - -704)?
8
Let f = 23 - 18. Suppose -f = 3*q - 14. Suppose 3*x = 5*y - 13, 5*x = -4*y - 0*x + q. What is the units digit of y?
2
Let g = 1019 + -244. Suppose -7*m + 2273 - g = 0. What is the tens digit of m?
1
Let v(m) = 2*m**2 - 7*m - 27. Let o be (-20)/2 - (1 - 3/1). What is the hundreds digit of v(o)?
1
Let d = 365 + 2915. What is the units digit of d?
0
Suppose -2*f = -5*f - 5*y + 875, -5*f - 3*y = -1485. Suppose -5*d + 5*q + f = 0, 0 = -d + 2*d + 2*q - 48. What is the tens digit of d?
5
Let a(f) = -5 - 2 - 6*f**2 - f**3 + 2 + 5*f + 7*f**2. Let r be a(2). What is the units digit of r - -45 - 0/8?
6
Suppose 4*i - 4338 = -3*q + 3*i, -2*i = 3*q - 4341. What is the units digit of q?
5
Let l(c) = -c**2 - c + 1. Let t(u) = -u**3 + u + 4. Let y(k) = l(k) - t(k). Let x be y(3). What is the tens digit of (60/x)/(6/9)?
1
Let b(h) = h**3 - 2*h**2 + 2*h - 7. Let m be b(0). Let p(f) = f**3 + 11*f**2 + 11*f + 14. What is the units digit of p(m)?
3
Let d(q) = -2*q**3 - q**2 + 16*q + 7. What is the units digit of d(-6)?
7
Let u(c) = -440*c + 56. What is the units digit of u(-5)?
6
Let q = 1331 - 853. What is the hundreds digit of q?
4
Let v be (-1)/(4/(-3) + 1). Suppose -v*g + 6 = -0*g. Suppose -5*b + g*b = 2*c - 98, 0 = 4*c - 2*b - 196. What is the units digit of c?
9